e
Is 383403473 a composite number?
True
Is 9857171734 prime?
False
Is 380835583 prime?
True
Is 301667651 a composite number?
True
Is 2819848171 composite?
True
Is 2900164871 composite?
True
Is 1861095499 a prime number?
False
Is 3185152357 prime?
False
Is 975558631 prime?
False
Is 383040223 a composite number?
False
Is 308721397 a prime number?
True
Is 166743457 prime?
True
Is 354479117 composite?
False
Is 29145736093 a prime number?
False
Is 7877505653 a composite number?
True
Is 18889970611 a prime number?
False
Is 40170373 a prime number?
True
Is 50899912607 composite?
False
Is 8234084051 a composite number?
False
Is 4751250613 prime?
True
Is 1041357127 a composite number?
True
Is 24171383927 a composite number?
False
Is 6424979017 composite?
False
Is 198923292965 composite?
True
Is 474750013 a composite number?
False
Is 3278912761 prime?
True
Is 1460040163 a composite number?
False
Is 19920662683 a composite number?
False
Is 3750115931 a composite number?
True
Is 10900936853 prime?
False
Is 9026980907 a prime number?
False
Is 109033996531 composite?
True
Is 2442940034 prime?
False
Is 18090663199 a composite number?
True
Is 249285929 composite?
True
Is 2092307983 a prime number?
True
Is 7483554083 composite?
False
Is 292155143 a prime number?
False
Is 1977474491 a prime number?
True
Is 4834945943 prime?
False
Is 1310243633 a prime number?
False
Is 984367689 prime?
False
Is 701905559 composite?
True
Is 13596875309 a composite number?
True
Is 31071688939 prime?
True
Is 9390001513 composite?
True
Is 1932815099 prime?
True
Is 793765094 composite?
True
Is 111790360813 a prime number?
False
Is 18926438041 composite?
True
Is 43052903 prime?
False
Is 1194214613 composite?
False
Is 15162298873 composite?
True
Is 18530187979 a prime number?
False
Is 92234771911 a prime number?
True
Is 4257064507 a composite number?
False
Is 823768441 prime?
True
Is 16769808287 a prime number?
False
Is 366034831823 a composite number?
False
Is 1856270197 prime?
False
Is 75171672853 composite?
True
Is 15928424819 a prime number?
True
Is 2365620233 a prime number?
False
Is 1812379871 composite?
False
Is 1222690037 composite?
False
Is 88241309995 prime?
False
Is 21609588151 a prime number?
False
Is 168775799 composite?
True
Is 11406856291 composite?
False
Is 2110395149 prime?
False
Is 1665616289 prime?
False
Is 485069129 a composite number?
False
Is 3022738241 composite?
True
Is 15182707 composite?
False
Is 85039761761 prime?
True
Is 7356708701 prime?
True
Is 75222479 a composite number?
True
Is 374812507 a composite number?
False
Is 11167720741 a prime number?
True
Is 181362677 prime?
False
Is 211994123 a prime number?
False
Is 325867835 a prime number?
False
Is 4867766933 a prime number?
True
Is 10526105721 a composite number?
True
Is 74540285557 prime?
False
Is 670224769 prime?
False
Is 21402211835 a prime number?
False
Is 376343767 composite?
True
Is 153950957 composite?
False
Is 129511884673 composite?
False
Is 1511592461 prime?
True
Is 9098368333 composite?
False
Is 914071423 composite?
True
Is 2234728513 a prime number?
False
Is 42655799 prime?
False
Is 5079228811 prime?
False
Is 86689788631 composite?
False
Is 44955198223 a composite number?
True
Is 3093590383 a prime number?
False
Is 6189042851 prime?
True
Is 2110999859 composite?
False
Is 52636495129 a composite number?
True
Is 219895577 prime?
False
Is 7105056627 a composite number?
True
Is 615228331 a composite number?
True
Is 37884929587 a composite number?
True
Is 982769459 prime?
False
Is 2554635613 composite?
False
Is 137961251 prime?
False
Is 15295942937 a prime number?
False
Is 12366900947 a composite number?
False
Is 2117605811 composite?
False
Is 27158963789 prime?
False
Is 5700269039 a composite number?
False
Is 122486388881 prime?
True
Is 5722952479 prime?
True
Is 41968246871 a prime number?
True
Is 96574466831 composite?
False
Is 6924113341 a prime number?
False
Is 265673879 composite?
False
Is 11398014211 composite?
True
Is 146783179 composite?
True
Is 2528593363 composite?
False
Is 4334912761 composite?
True
Is 17480473169 a prime number?
True
Is 6745239671 prime?
True
Is 1068846019 a composite number?
False
Is 331702039 a prime number?
True
Is 3054020579 composite?
True
Is 105279443 composite?
False
Is 227028427 a composite number?
True
Is 1392051523 a prime number?
True
Is 1227710893 prime?
False
Is 10742917321 a composite number?
True
Is 585137359 a composite number?
False
Is 63663280777 composite?
False
Is 40618927 composite?
False
Is 5393803021 prime?
False
Is 35881271245 a prime number?
False
Is 441364331 prime?
True
Is 209268006089 a prime number?
False
Is 29191767733 composite?
True
Is 13103186009 composite?
False
Is 59715713294 composite?
True
Is 12979743698 prime?
False
Is 20216984743 a composite number?
True
Is 772159357 prime?
True
Is 3957647019 a composite number?
True
Is 42486126559 composite?
True
Is 55475231858 a composite number?
True
Is 8522522507 a prime number?
True
Is 2779565887 prime?
False
Is 302141863 composite?
False
Is 800246543 a composite number?
True
Is 2639922529 composite?
True
Is 859718063 composite?
False
Is 1895958289 a composite number?
False
Is 163818789863 a prime number?
False
Is 253565561 a prime number?
True
Is 113590140707 a composite number?
False
Is 4797734737 composite?
False
Is 5854098637 a composite number?
True
Is 622076027 composite?
True
Is 33772049 prime?
False
Is 24250963667 composite?
True
Is 5218109549 prime?
False
Is 1846820473 a prime number?
True
Is 5956371593 a composite number?
False
Is 27259700339 a composite number?
False
Is 13715084897 prime?
False
Is 84423979 a prime number?
True
Is 6483954247 prime?
True
Is 7030062739 a prime number?
False
Is 118857416407 composite?
False
Is 192295203121 a prime number?
False
Is 162544087 composite?
True
Is 5594824327 a composite number?
False
Is 559309295 a prime number?
False
Is 529373561 a composite number?
True
Is 600833059 prime?
True
Is 15153874081 composite?
False
Is 1018923107 prime?
True
Is 3972220271 composite?
False
Is 121742629 composite?
False
Is 4071932789 a composite number?
False
Is 8561287937 a composite number?
False
Is 6269687273 a prime number?
True
Is 11024173637 composite?
False
Is 1158360149 a composite number?
False
Is 141785317 a prime number?
False
Is 4462757147 composite?
False
Is 3079744013 a prime number?
True
Is 4398454843 composite?
False
Is 18288519421 a composite number?
False
Is 4001962807 prime?
False
Is 48903315199 a composite number?
True
Is 14683021 prime?
True
Is 69333964429 prime?
True
Is 16953359699 a composite number?
True
Is 800724283 prime?
True
Is 1601891233 a composite number?
True
Is 757349963 a prime number?
False
Is 27406012189 a prime number?
True
Is 10555111543 prime?
False
Is 61852093 a prime number?
True
Is 2975941453 a composite number?
True
Is 1168311323 a composite number?
False
Is 1768742285 composite?
True
Is 1667226811 composite?
False
Is 24927383471 composite?
False
Is 33919001 composite?
False
Is 2866721491 composite?
True
Is 866169803 prime?
True
Is 113918947 composite?
True
Is 892413281 a composite number?
False
Is 787937149 a prime number?
False
Is 181435007999 a prime number?
False
Is 7224379001 prime?
False
Is 764134997 prime?
False
Is 17007374929 a prime number?
True
Is 2236024651 prime?
False
Is 79577767 prime?
False
Is 228093178763 a composite number?
True
Is 992060183 composite?
True
Is 72632641 a composite number?
True
Is 359990419 composite?
True
Is 3587382479 a prime number?
True
Is 4917130343 prime?
True
Is 11694709151 a prime number?
True
Is 3655773761 a prime number?
False
Is 1004417269 composite?
False
Is 33865682531 composite?
True
Is 210887975569 a composite number?
False
Is 1360118489 a composite number?
True
Is 488458331 composite?
True
Is 28688311289 a composite number?
True
Is 71762734837 a prime number?
True
Is 14028832577 a prime number?
True
Is 6170309689 prime?
False
Is 18111972887 a prime number?
True
Is 6415834079 composite?
False
Is 891235283 a prime number?
True
Is 116770369 a composite number?
False
Is 4472900227 a prime number?
True
Is 28983765431 composite?
False
Is 5144074963 composite?
True
Is 62125109 prime?
False
Is 4775644409 a composite number?
False
Is 569035315 prime?
False
Is 18926761813 prime?
